 divisor of 47141 and 47.
47
Calculate the highest common factor of 25 and 175.
25
What is the highest common divisor of 22 and 550?
22
Calculate the highest common factor of 494 and 1534.
26
Calculate the greatest common divisor of 90 and 18.
18
Calculate the highest common factor of 250 and 100.
50
What is the greatest common factor of 292 and 36?
4
What is the highest common divisor of 3843 and 189?
63
What is the highest common divisor of 10 and 410?
10
What is the greatest common factor of 14 and 35?
7
Calculate the highest common divisor of 164 and 84460.
164
Calculate the highest common divisor of 9 and 18999.
9
What is the highest common factor of 570 and 228?
114
What is the greatest common divisor of 47 and 1363?
47
What is the greatest common factor of 2190 and 15?
15
What is the highest common factor of 1 and 43?
1
Calculate the greatest common factor of 24 and 113304.
24
What is the highest common factor of 624 and 39?
39
What is the greatest common divisor of 519 and 3?
3
Calculate the greatest common divisor of 6 and 27.
3
What is the greatest common factor of 385 and 28?
7
Calculate the greatest common divisor of 448 and 128.
64
What is the highest common factor of 5511 and 33?
33
Calculate the highest common factor of 24 and 1944.
24
What is the greatest common factor of 10 and 1?
1
What is the greatest common factor of 1712 and 16?
16
What is the greatest common factor of 945 and 35?
35
Calculate the highest common divisor of 12 and 63.
3
What is the greatest common divisor of 381 and 1778?
127
Calculate the greatest common factor of 24 and 96.
24
What is the greatest common divisor of 1808 and 112?
16
What is the greatest common factor of 107 and 856?
107
What is the highest common divisor of 11211 and 222?
111
Calculate the greatest common factor of 252 and 270.
18
What is the greatest common divisor of 333 and 9?
9
What is the greatest common factor of 3429 and 127?
127
What is the greatest common divisor of 6294 and 18?
6
Calculate the greatest common factor of 152 and 494.
38
Calculate the highest common divisor of 25 and 790.
5
What is the highest common factor of 123 and 9?
3
What is the highest common factor of 1050 and 120?
30
Calculate the highest common factor of 3280 and 205.
205
What is the highest common divisor of 184 and 644?
92
Calculate the greatest common divisor of 264 and 192.
24
Calculate the highest common divisor of 396 and 1524.
12
Calculate the highest common factor of 2613 and 117.
39
What is the highest common divisor of 702 and 135?
27
Calculate the greatest common factor of 78 and 52.
26
What is the greatest common factor of 6956 and 148?
148
What is the highest common factor of 72 and 84?
12
What is the highest common divisor of 2873 and 221?
221
What is the greatest common divisor of 270 and 7074?
54
Calculate the greatest common factor of 245 and 105.
35
Calculate the greatest common divisor of 1188 and 9.
9
What is the highest common factor of 560 and 144?
16
What is the greatest common factor of 112 and 8?
8
What is the greatest common factor of 2573 and 31?
31
Calculate the greatest common factor of 11700 and 675.
225
Calculate the greatest common factor of 77 and 209.
11
Calculate the highest common divisor of 130 and 405.
5
What is the highest common divisor of 94 and 41266?
94
Calculate the highest common divisor of 82 and 6478.
82
Calculate the highest common divisor of 74 and 12.
2
What is the greatest common divisor of 567 and 21?
21
Calculate the highest common divisor of 14 and 1701.
7
Calculate the greatest common factor of 1278 and 284.
142
Calculate the highest common factor of 2 and 1722.
2
What is the greatest common factor of 524 and 24?
4
Calculate the greatest common divisor of 3132 and 324.
108
Calculate the greatest common factor of 72 and 189.
9
Calculate the highest common factor of 280 and 224.
56
What is the greatest common factor of 34 and 2?
2
What is the highest common factor of 98 and 182?
14
What is the highest common divisor of 2025 and 75?
75
Calculate the greatest common factor of 986 and 29.
29
What is the greatest common divisor of 5040 and 10?
10
What is the highest common factor of 2208 and 416?
32
What is the highest common factor of 102 and 24?
6
What is the highest common divisor of 256 and 524?
4
What is the greatest common factor of 9 and 9?
9
Calculate the greatest common divisor of 910 and 130.
130
Calculate the highest common factor of 284 and 16.
4
What is the greatest common divisor of 693 and 297?
99
What is the highest common factor of 5771 and 145?
29
Calculate the greatest common divisor of 869 and 33.
11
Calculate the highest common divisor of 27 and 55296.
27
What is the highest common factor of 184 and 23?
23
What is the greatest common factor of 9 and 693?
9
What is the greatest common divisor of 34 and 391?
17
Calculate the highest common factor of 5 and 1855.
5
What is the highest common factor of 742 and 106?
106
What is the highest common factor of 7436 and 143?
143
What is the greatest common factor of 196 and 42?
14
Calculate the highest common factor of 480 and 30.
30
What is the highest common factor of 1580 and 1264?
316
What is the highest common factor of 192 and 6?
6
What is the greatest common divisor of 52 and 8203?
13
What is the greatest common divisor of 3600 and 624?
48
Calculate the highest common factor of 17 and 95999.
17
What is the highest common divisor of 3224 and 208?
104
Calculate the greatest common factor of 86 and 5203.
43
Calculate the highest common factor of 18 and 4.
2
Calculate the greatest common factor of 15 and 15.
15
Calculate the greatest common factor of 168 and 952.
56
What is the highest common factor of 624 and 3588?
156
Calculate the highest common factor of 2967 and 345.
69
What is the highest common factor of 2088 and 18?
18
Calculate the greatest common factor of 17 and 1088.
17
What is the greatest common factor of 528 and 128?
16
What is the highest common factor of 10 and 80?
10
What is the greatest common divisor of 4439 and 23?
23
Calculate the greatest common factor of 833 and 98.
49
Calculate the highest common divisor of 889 and 14.
7
What is the highest common divisor of 4290 and 11?
11
Calculate the highest common factor of 5597 and 193.
193
What is the highest common divisor of 36 and 76?
4
What is the highest common factor of 2065 and 385?
35
What is the greatest common divisor of 95 and 10?
5
Calculate the greatest common factor of 224 and 544.
32
Calculate the greatest common divisor of 5 and 9895.
5
What is the highest common factor of 33 and 44?
11
Calculate the highest common divisor of 28 and 7.
7
Calculate the greatest common factor of 29693 and 46.
23
What is the highest common factor of 290 and 1390?
10
What is the highest common divisor of 350 and 3650?
50
What is the greatest common divisor of 506 and 782?
46
What is the highest common factor of 92 and 506?
46
What is the greatest common factor of 51 and 663?
51
Calculate the highest common factor of 14 and 4291.
7
What is the highest common divisor of 174 and 15?
3
What is the highest common divisor of 96 and 2928?
48
What is the highest common factor of 39 and 2119?
13
Calculate the greatest common divisor of 109 and 218.
109
Calculate the highest common factor of 15169 and 77.
77
What is the greatest common factor of 15 and 75?
15
What is the highest common factor of 1809 and 135?
27
What is the highest common factor of 270 and 30?
30
Calculate the greatest common factor of 333 and 1251.
9
What is the highest common factor of 336 and 84?
84
What is the greatest common factor of 19 and 95?
19
Calculate the greatest common factor of 144 and 74016.
144
What is the highest common factor of 28 and 182?
14
What is the greatest common factor of 100 and 150?
50
Calculate the highest common factor of 135 and 10.
5
Calculate the highest common divisor of 520 and 2392.
104
What is the greatest common factor of 36 and 51?
3
Calculate the highest common factor of 185 and 790.
5
What is the highest common divisor of 19305 and 99?
99
Calculate the highest common divisor of 1739 and 47.
47
What is the greatest common divisor of 67 and 469?
67
What is the greatest common divisor of 68 and 459?
17
Calculate the greatest common di